10?
-103115
In base 16, what is 0 - ccaf0?
-ccaf0
In base 8, what is -140747 - -4456?
-134271
In base 7, what is -535354 + 1511?
-533543
In base 3, what is 0 + 22102021202202112?
22102021202202112
In base 13, what is -38b6bcc + 1?
-38b6bcb
In base 13, what is -16a6287 + 4?
-16a6283
In base 8, what is -247116 - -1100?
-246016
In base 12, what is 189192 + 3?
189195
In base 12, what is 108b04 + -316?
1087aa
In base 8, what is -1345 + -12204?
-13551
In base 11, what is 520858 - a?
520849
In base 3, what is 201001 - 2212002211202?
-2212002010201
In base 13, what is 628 + 37095?
376c0
In base 14, what is 1 + -c8258?
-c8257
In base 6, what is 1 - 31235042010?
-31235042005
In base 10, what is 1963 + 3799?
5762
In base 16, what is -1c507d + 92?
-1c4feb
In base 7, what is 30 - 20403013?
-20402653
In base 7, what is 105411624 + 42?
105411666
In base 9, what is -5 + 57160086?
57160081
In base 12, what is 19665463 + 5?
19665468
In base 11, what is -1 - -a5a192a5?
a5a192a4
In base 4, what is 100331132 - 102201?
100222331
In base 6, what is 5 - -223300544?
223300553
In base 3, what is -11 + 202212121221112112?
202212121221112101
In base 8, what is -444 - 412?
-1056
In base 12, what is -a1671183 + -1?
-a1671184
In base 12, what is -5b2947 - -31?
-5b2916
In base 16, what is -1e61 + -c1?
-1f22
In base 6, what is 240 - -43143112?
43143352
In base 13, what is -5 - -45a9a3?
45a99b
In base 13, what is -5 + 2350a2?
23509a
In base 8, what is -153221 + 373?
-152626
In base 14, what is 181d - -48d?
1cac
In base 4, what is 12 - 2100313203?
-2100313131
In base 5, what is -443 + -42204240?
-42210233
In base 14, what is 4 + -89813?
-8980d
In base 8, what is 663543074 + -4?
663543070
In base 7, what is -2452 + -152204?
-154656
In base 2, what is 11001101000100 - -10100111?
11001111101011
In base 15, what is 12 - -11ac3a?
11ac4c
In base 9, what is 46618721 + -42?
46618668
In base 14, what is 2c1670 + -60?
2c1610
In base 2, what is -11011001 - -11010001000100010?
11010000101001001
In base 6, what is -5421445354 - -2?
-5421445352
In base 8, what is -125372145 + -4?
-125372151
In base 4, what is -1103321110020 + -2?
-1103321110022
In base 12, what is -34 - -121194?
121160
In base 6, what is -1 + 312032105?
312032104
In base 10, what is 9 - 11576?
-11567
In base 8, what is 47 - -426011?
426060
In base 12, what is 29 - -2137?
2164
In base 8, what is -100431 - 400?
-101031
In base 3, what is 1022210222002 - 100?
1022210221202
In base 11, what is 49085 + 142?
49217
In base 15, what is 18d - -1586?
1724
In base 11, what is 64 - -30a99?
31052
In base 15, what is b39 - -8c50?
9889
In base 14, what is 462a9 - -70c?
469b7
In base 11, what is 1602 - -11180?
12782
In base 4, what is 21 - 1202232331203?
-1202232331122
In base 10, what is -85777931 + 0?
-85777931
In base 12, what is -5 - 288142b?
-2881434
In base 5, what is -103 - -14322441?
14322333
In base 2, what is 100101101010101110010001110 + 11?
100101101010101110010010001
In base 9, what is -4324 - 26088?
-31423
In base 4, what is 3100022110322 - -10?
3100022110332
In base 3, what is -2121201102 + 11021?
-2121120011
In base 12, what is -13 - 557329?
-557340
In base 7, what is 21651532 - 154?
21651345
In base 11, what is 44a21391 - 5?
44a21387
In base 12, what is 4241 - 22b?
4012
In base 15, what is e23b + -2a?
e211
In base 9, what is 644831 + -65?
644755
In base 10, what is 7381 - -10?
7391
In base 4, what is 11000120 + -1230?
10332230
In base 14, what is 3 + -b381810?
-b38180b
In base 12, what is -134a - -3a1a?
2690
In base 2, what is -101111111011001101111 - -1011001?
-101111111011000010110
In base 12, what is -6 - 5427007?
-5427011
In base 8, what is -13232 - 15325?
-30557
In base 15, what is 36ab530 - 10?
36ab520
In base 13, what is 11a5037 - 5?
11a5032
In base 12, what is a75 - 80a6?
-7231
In base 14, what is 2 - -62469b?
62469d
In base 16, what is -293c80 - 0?
-293c80
In base 15, what is 6 + c84e8?
c84ee
In base 5, what is 240111 + 23244?
313410
In base 10, what is 4 + 2419519?
2419523
In base 15, what is -557ad - -78?
-55735
In base 3, what is -1011121110 - -221120000?
-20001110
In base 12, what is -66 + 22753?
226a9
In base 8, what is 17053 + 4150?
23223
In base 14, what is a + 66c060?
66c06a
In base 5, what is -21111314213 - 3?
-21111314221
In base 11, what is -4 + 13395256?
13395252
In base 14, what is 1963d + -ca?
19553
In base 9, what is -1 - -35230080?
35230078
In base 10, what is -41 - 9730295?
-9730336
In base 12, what is 5 - -340141?
340146
In base 15, what is 11 - -8553?
8564
In base 16, what is -690f6aa + -2?
-690f6ac
In base 3, what is 101112 - -1021101001?
1021202120
In base 4, what is -1132230113 + 2023?
-1132222030
In base 16, what is 2 - -160645a?
160645c
In base 16, what is -4 + -d862b?
-d862f
In base 4, what is 13111 - 1310?
11201
In base 9, what is -157 + -32521?
-32678
In base 6, what is -1054410242 - -11?
-1054410231
In base 4, what is 10000011 + 13013?
10013030
In base 11, what is -36087aa - -37?
-3608773
In base 9, what is -25 + -3130465?
-3130501
In base 15, what is -1d25ba03 + 5?
-1d25b9ed
In base 8, what is 22534377 + 4?
22534403
In base 15, what is -7e3 + -125b?
-1a4e
In base 15, what is 4892de5 + -1?
4892de4
In base 14, what is 7b3cd4 - 1?
7b3cd3
In base 8, what is 0 + 27535167?
27535167
In base 8, what is 11 + 24413733?
24413744
In base 16, what is -1590 + -613?
-1ba3
In base 10, what is 538870 + -41?
538829
In base 2, what is -101111101101000100010011 - -10?
-101111101101000100010001
In base 5, what is 2 - -131404231033?
131404231040
In base 6, what is 55203 - 255021?
-155414
In base 7, what is 45 + 44242165?
44242243
In base 3, what is 11001021201 + 1200002?
11002221210
In base 6, what is -33131 + 324534?
251403
In base 7, what is 252015 + -4551?
244134
In base 15, what is -a727db5 + 5?
-a727db0
In base 7, what is 34556 - 101405?
-33516
In base 8, what is -303 - 110614?
-111117
In base 2, what is -111010011001000000010001 + 0?
-111010011001000000010001
In base 13, what is -7a633 - 577?
-7abaa
In base 2, what is -10111100011001001111101110001 + -1?
-10111100011001001111101110010
In base 7, what is 2 + -1015230533?
-1015230531
In base 7, what is 56 - 3534030?
-3533641
In base 16, what is 864282 - 3?
86427f
In base 9, what is 4053 - -6256?
11320
In base 13, what is -9 - -1a8752?
1a8746
In base 9, what is 653273 + -2?
653271
In base 8, what is -50607750 + 2?
-50607746
In base 5, what is -10 - -432121141?
432121131
In base 12, what is 7000bb - -5?
700104
In base 6, what is -301301025 - -142?
-301300443
In base 14, what is 36bc1d - -5?
36bc24
In base 3, what is 2121221020 - 20222?
2121200021
In base 2, what is -10110111111001111001100 - -100?
-10110111111001111001000
In base 6, what is 11520422 + -23?
11520355
In base 7, what is 16022 - 33025?
-14003
In base 15, what is 44b7 - 96da?
-5223
In base 4, what is 10020130111 - -2312?
10020133023
In base 5, what is -131023142 - -211?
-131022431
In base 13, what is -7270 - -1039?
-6234
In base 5, what is -21341324200 - -30?
-21341324120
In base 4, what is 2121031320310 - 2?
2121031320302
In base 5, what is 143444001 - 1?
143444000
In base 6, what is 111330 - 123113?
-11343
In base 16, what is -20ab1cb2 + -4?
-20ab1cb6
In base 14, what is -4488884 - 2?
-4488886
In base 15, what is -62d - 504?
-b32
In base 4, what is 31213 - -12302213?
13000032
In base 8, what is -1 - 414615414?
-414615415
In base 7, what is 22133 + 111550?
134013
In base 4, what is 12210001 + -22123211?
-3313210
In base 8, what is 3303145456 - 4?
3303145452
In base 4, what is 302 + -32333001303?
-32333001001
In base 10, what is -11824 - 5343?
-17167
In base 11, what is 4825 - 35488?
-30763
In base 4, what is 1123230330 + -31?
1123230233
In base 13, what is 1b864 + -68a?
1b1a7
In base 4, what is 200 + -1130200213?
-1130200013
In base 9, what is 1228813377 + 3?
1228813381
In base 11, what is 11 - 3341368?
-3341357
In base 6, what is 255025 - -3400?
302425
In base 16, what is -32ca90 - -5?
-32ca8b
In base 11, what is 2 + -5a36751?
-5a3674a
In base 8, what is -136 - 511034?
-511172
In base 7, what is 5053444 + 3031?
5056505
In base 3, what is 12101022110 + -1000011?
12100022022
In base 12, what is 7 + aa71419?
aa71424
In base 6, what is 2 + 214434311?
214434313
In base 10, what is -171 - -351